t d = -99 + 176. Let m be 22/2 + (-6 - -6). Calculate the greatest common factor of d and m.
11
Let h(a) = -a + 14. Let b be ((-4)/(-6))/((-8)/84). Let u = b - -13. Let p be h(u). What is the highest common factor of 64 and p?
8
Let r be (-158)/(-5) - 4/(-10). Let o be ((-14)/(-5) - 2)*15. Let n be (-3)/(-2)*r/o. Calculate the highest common divisor of 4 and n.
4
Suppose 0 = -4*j + 5*g + 35, -3*j = -4*j + g + 8. Suppose 4*t - 4*w = 5*t - 10, 2*w = 0. Calculate the greatest common factor of t and j.
5
Suppose -17*o - 24 = -20*o. Calculate the highest common factor of o and 152.
8
Let t = -41 - -137. Suppose -4*x = -0*x. Suppose x = -3*o + 2*o + 12. Calculate the highest common divisor of t and o.
12
Let d = 32 - 24. Let z(o) = -5*o**3 + o**2 - 4. Let j be z(3). Let q = -58 - j. What is the highest common factor of q and d?
8
Let t(f) = 14*f**2 - 41*f + 39. Let u(v) = 5*v**2 - 14*v + 13. Let m(r) = 4*t(r) - 11*u(r). Let b be m(9). Calculate the greatest common divisor of b and 4.
4
Let h be (-4)/(-18) - (-264)/27. Let f(j) = -j**3 - 5*j**2 + 2*j + 6. Let k be f(-6). What is the highest common divisor of h and k?
10
Let h be 5/(-5)*0/(-1). Suppose 4*n = -h*n - 8. Let g be (2/n)/((-1)/15). Calculate the highest common divisor of g and 60.
15
Suppose 5*s = 5*x - 59 - 21, 4*x + 2*s = 70. Calculate the highest common divisor of x and 85.
17
Let c(d) be the third derivative of d**5/60 - d**4/8 + d**3 - d**2. Let h be c(5). Calculate the greatest common factor of 2 and h.
2
Let s be (-2)/(-9) + 312/54. Let c be (-4)/6 - (-56)/3. Calculate the highest common factor of s and c.
6
Let g(a) be the second derivative of 7*a**5/20 + a**3/6 - a**2 + a. Suppose -5 = -3*u + 1. Let s be g(u). Calculate the greatest common divisor of s and 14.
14
Let v(t) = t**3 - 3*t**2 - 10*t + 6. Let g be v(4). Let w be 4/(-6) + (-876)/g. What is the greatest common factor of w and 16?
16
Suppose -4 - 14 = -j. Let w = -7 - -15. Suppose -5*k - j = -w*k. What is the highest common factor of 15 and k?
3
Let n = 6 + -10. Let o(f) = 39*f - 3. Let u(c) = -19*c + 2. Let z(l) = -4*o(l) - 7*u(l). Let m be z(n). What is the highest common divisor of 10 and m?
10
Suppose -3*p + 452 = 4*w, -4*p = -w - 4*w + 534. Let a = 47 + -17. Let o = a - 20. Calculate the highest common factor of o and w.
10
Let z(v) = -v**3 + 5*v**2 + 4*v + 2. Let g be z(5). What is the greatest common factor of g and 11?
11
Let b(h) = -3*h**3 - 4*h**2 - 3*h - 2. Let j be b(-2). What is the greatest common factor of 18 and j?
6
Let n be (-534)/(-8)*(6 + -2). Suppose 0 = 2*j + x - n, -5*j - 3*x - x = -660. Let k(p) = -17*p. Let c be k(-1). What is the highest common divisor of j and c?
17
Suppose -555 = -4*k - 5*x, 0*x + 2*x + 702 = 5*k. What is the highest common factor of k and 20?
20
Let d(r) be the first derivative of -11*r**2/2 - 3*r - 3. Let b be d(-3). Calculate the greatest common factor of 12 and b.
6
Let q be ((-6)/(-4))/(12/176). Calculate the highest common factor of 11 and q.
11
Let c(b) = 10*b**2 + b + 2. Let v be c(2). Let t = -9 + v. What is the highest common factor of 14 and t?
7
Suppose 2*t - 6 = 10. Let r = 12 - t. Calculate the greatest common divisor of 10 and r.
2
Suppose -4*o = -6*o + 20. Calculate the highest common divisor of o and 15.
5
Suppose -h = -2*h + 113. Let i = h + -77. What is the highest common factor of i and 54?
18
Suppose 4*n = -0*n + 84. Let d(z) = -2*z + 8*z - 7*z + 20. Let x be d(17). What is the highest common divisor of x and n?
3
Suppose 31 = 5*o - 79. What is the highest common factor of o and 242?
22
Let r = 32 + -7. Let k = -7 + r. Calculate the highest common divisor of k and 27.
9
Let z(w) = 9*w**2 + 2*w - 4. Let x be z(-4). Suppose 5*m - x = m. Let j be (-1)/(1/(-11 + 0)). Calculate the greatest common divisor of j and m.
11
Let a(h) = -h - 6. Let w be a(-8). Suppose -w*i + 106 = 4*t, 3*i - 4*t - 33 = 146. Calculate the highest common divisor of i and 19.
19
Let z be 3/6 + (-647)/(-2). Suppose 865 = 5*g + 5*l, -2*l - z - 374 = -4*g. Calculate the greatest common factor of 29 and g.
29
Suppose 6*f - 3*f = -4*l + 22, l - 28 = -3*f. Suppose -5*k = -5*j + 555, -2*k = 4*j - 3*j - 108. Calculate the highest common divisor of f and j.
10
Let a = 10 - 10. Suppose 4*p - 564 - 76 = a. Suppose -5*o + 4*m + 76 = 0, -3*o = -4*m - 49 + 5. What is the highest common factor of o and p?
16
Let o be (-20)/9 + (-6)/(-27). Let g = 7 + o. What is the highest common divisor of 55 and g?
5
Let w = -85 + 103. Suppose 2*c - 270 = -3*c. Calculate the greatest common divisor of w and c.
18
Let h(k) = -5 + 138*k + 21*k + 6 + 20*k. Let o be h(1). Calculate the greatest common factor of 20 and o.
20
Let c(j) = -2*j**3 + j - 2. Let z be c(-2). Calculate the greatest common divisor of z and 48.
12
Let c be (-2 + -1)/(6/(-42)). Let d be ((-24)/(-1))/(c/28). What is the highest common factor of 4 and d?
4
Let w(i) = -i + 1. Let p(z) = 5*z - 2. Let u(m) = -p(m) - 3*w(m). Let d be u(-3). What is the greatest common divisor of 1 and d?
1
Let k(y) = y**2 + y. Let m be k(-4). What is the highest common factor of m and 3?
3
Suppose -2*g - 5*g + 245 = 0. What is the highest common divisor of g and 210?
35
Suppose 0 = -2*n + 31 - 1. What is the greatest common divisor of 165 and n?
15
Suppose 5 = -5*b + 165. Suppose 4*k - 42 = -2*g - 16, 4*k = 3*g + 41. What is the greatest common divisor of k and b?
8
Let j(n) = n**2 + 7*n + 10. Let q be j(-5). Suppose q*u - 140 = -u. What is the highest common divisor of u and 20?
20
Suppose 2*o + 3*c - 267 = 0, 6*o - o = -5*c + 655. Suppose 2*d = -18 + o. What is the greatest common factor of d and 135?
27
Suppose a + 2*a = 0. Let w = a - -8. Suppose 39 = -0*n + n - 5*r, n = -r + 69. Calculate the highest common divisor of n and w.
8
Let r(f) = -f**2 + 10*f + 4. Let d be 63/6 + 6/(-4). Let v be r(d). What is the greatest common divisor of v and 143?
13
Let c be (-3)/(-2) + (-1)/(-2). Suppose -c*h - 5*z + 3*z + 160 = 0, h = 3*z + 60. Let p be h/9 - 4/(-6). Calculate the highest common factor of p and 3.
3
Suppose 2*f - 32 = -2*f. Let z be ((-12)/f)/((-1)/4). Calculate the highest common divisor of 9 and z.
3
Suppose -1 = -5*i + 59. What is the highest common divisor of 6 and i?
6
Let x(j) = j**3 + 9*j**2 - 10*j - 9. Let f be x(-9). What is the highest common factor of f and 9?
9
Let v = -20 - -22. Calculate the greatest common factor of 4 and v.
2
Suppose -5*v + o = 6*o - 125, v - 45 = -5*o. Calculate the greatest common divisor of v and 40.
20
Let p be 1608/40 + 2/(-10). What is the highest common divisor of 8 and p?
8
Let v(p) = 2*p**2 - 12*p + 9. Let l be v(6). What is the highest common factor of 9 and l?
9
Let c be 140/84*(15 - 0). Calculate the greatest common factor of 225 and c.
25
Let y(c) = 78*c - 1. Let w be y(1). Let h be 1 + 53 + 7/7. Suppose -2*b + h = 3*b. What is the highest common divisor of w and b?
11
Let r(s) = -6*s**3 + s**2 + s + 1. Let b be r(-1). Suppose -4*h + 9 = -b. Let m(v) = 3*v - 6. Let j be m(h). What is the greatest common divisor of j and 18?
6
Let m(f) = 4*f**2 + 4*f - 8. Let y be m(-4). Calculate the highest common factor of 320 and y.
40
Suppose -2*h + 60 = -80. What is the highest common divisor of h and 10?
10
Suppose -34*t + 10 = -32*t. Calculate the highest common divisor of 15 and t.
5
Let j = -50 + 74. Suppose 3*p - 64 = 3*a - 19, 75 = 5*p - 3*a. Let d = 23 - p. Calculate the highest common divisor of j and d.
8
Suppose -4*a - a - 16 = g, -4*g - 4*a = 48. Let z = g + 13. Let h be (3/(-2))/(6/(-56)). Calculate the highest common factor of h and z.
2
Let r = 116 + 11. Suppose 156 = 3*v + 3*i, 2*v - 5*i - r = -37. Let b be 444/22 + (-22)/121. What is the greatest common divisor of b and v?
10
Suppose -4*h + 425 + 295 = 0. Let d(z) = -3*z - 4. Let q = -10 + 2. Let o be d(q). Calculate the highest common divisor of h and o.
20
Suppose 4*b - 60 = -4*i, 2*i - 4*b = i + 40. What is the highest common divisor of 5 and i?
5
Let k(u) = -u + 16. Let f be k(6). Calculate the greatest common factor of f and 50.
10
Suppose 6*q = 118 + 584. What is the greatest common factor of q and 26?
13
Let u = -178 - -321. Calculate the highest common divisor of 13 and u.
13
Let n(b) = b**3 + b**2 - 4. Let a be n(2). Calculate the greatest common divisor 